{"id":188,"date":"2020-12-14T20:13:29","date_gmt":"2020-12-14T23:13:29","guid":{"rendered":"https:\/\/bomdiatibia.com\/mda2020\/?page_id=188"},"modified":"2020-12-15T09:08:05","modified_gmt":"2020-12-15T12:08:05","slug":"o-premio","status":"publish","type":"page","link":"https:\/\/bomdiatibia.com\/mda2020\/o-premio\/","title":{"rendered":"O Pr\u00eamio"},"content":{"rendered":"\t\t<div data-elementor-type=\"wp-page\" data-elementor-id=\"188\" class=\"elementor elementor-188\" data-elementor-settings=\"[]\">\n\t\t\t<div class=\"elementor-inner\">\n\t\t\t\t<div class=\"elementor-section-wrap\">\n\t\t\t\t\t\t\t<section class=\"elementor-element elementor-element-d675f61 elementor-section-boxed elementor-section-height-default elementor-section-height-default elementor-section elementor-top-section\" data-id=\"d675f61\" data-element_type=\"section\" data-settings=\"{&quot;background_background&quot;:&quot;classic&quot;}\">\n\t\t\t\t\t\t\t<div class=\"elementor-background-overlay\"><\/div>\n\t\t\t\t\t\t\t<div class=\"elementor-container elementor-column-gap-default\">\n\t\t\t\t<div class=\"elementor-row\">\n\t\t\t\t<div class=\"elementor-element elementor-element-9a521c4 elementor-column elementor-col-100 elementor-top-column\" data-id=\"9a521c4\" data-element_type=\"column\">\n\t\t\t<div class=\"elementor-column-wrap  elementor-element-populated\">\n\t\t\t\t\t<div class=\"elementor-widget-wrap\">\n\t\t\t\t<div class=\"elementor-element elementor-element-32626cf elementor-widget elementor-widget-heading\" data-id=\"32626cf\" data-element_type=\"widget\" data-widget_type=\"heading.default\">\n\t\t\t\t<div class=\"elementor-widget-container\">\n\t\t\t<h2 class=\"elementor-heading-title elementor-size-default\"><BR>\n<BR>SOBRE O PR\u00caMIO\n<BR>\n<BR>\n<BR><\/h2>\t\t<\/div>\n\t\t\t\t<\/div>\n\t\t\t\t\t\t<\/div>\n\t\t\t<\/div>\n\t\t<\/div>\n\t\t\t\t\t\t<\/div>\n\t\t\t<\/div>\n\t\t<\/section>\n\t\t\t\t<section class=\"elementor-element elementor-element-6490aef elementor-section-boxed elementor-section-height-default elementor-section-height-default elementor-section elementor-top-section\" data-id=\"6490aef\" data-element_type=\"section\" data-settings=\"{&quot;background_background&quot;:&quot;classic&quot;}\">\n\t\t\t\t\t\t<div class=\"elementor-container elementor-column-gap-default\">\n\t\t\t\t<div class=\"elementor-row\">\n\t\t\t\t<div class=\"elementor-element elementor-element-1e5a8b2 elementor-column elementor-col-100 elementor-top-column\" data-id=\"1e5a8b2\" data-element_type=\"column\">\n\t\t\t<div class=\"elementor-column-wrap  elementor-element-populated\">\n\t\t\t\t\t<div class=\"elementor-widget-wrap\">\n\t\t\t\t<div class=\"elementor-element elementor-element-66ecf28 elementor-widget elementor-widget-text-editor\" data-id=\"66ecf28\" data-element_type=\"widget\" data-widget_type=\"text-editor.default\">\n\t\t\t\t<div class=\"elementor-widget-container\">\n\t\t\t\t\t<div class=\"elementor-text-editor elementor-clearfix\"><h2 class=\"\" style=\"text-align: center;\"><span style=\"color: #a88b4f;\">\u201cUm pr\u00eamio feito com amor para os que amam o Tibia\u201d<\/span><\/h2><h4><strong>O BomDiaTibia.com foi idealizado h\u00e1 3 anos por Super Amarelo, foi aceito no programa de fansites suportados pela CipSoft em janeiro de 2017 e tornou-se o maior jornal tibiano do Brasil, reconhecido pela comunidade tibiana em todo o mundo.<\/strong><\/h4><h4><strong>Com grande \u00eanfase na difus\u00e3o de not\u00edcias e na produ\u00e7\u00e3o de guias e podcasts, o BomDiaTibia tamb\u00e9m reuniu ao longo desses anos de exist\u00eancia uma vasta cole\u00e7\u00e3o de artigos autorais e de mat\u00e9rias publicadas. Conta ainda com um excelente f\u00f3rum de discuss\u00f5es. Todos os que est\u00e3o e mesmo os que j\u00e1 passaram pelo BomDiaTibia sempre trabalharam arduamente para levar \u00e0 comunidade tibiana conte\u00fado de qualidade a respeito do nosso jogo favorito.<\/strong><\/h4><h4><strong>Senhoras e senhores, em 2020 n\u00e3o poderia ser diferente. Ap\u00f3s o imenso sucesso da primeia edi\u00e7\u00e3o, trazemos para toda a comunidade tibiana, a segunda edi\u00e7a desse concurso de sucesso. O pr\u00eamio nada mais \u00e9 que um fruto da soma de esfor\u00e7os de uma equipe extremamente grata por tudo que a comunidade lhes proporcionou at\u00e9 aqui.<\/strong><\/h4><h4><strong>O \u201cMelhores do Ano\u201d premiar\u00e1 anualmente o melhor youtuber, streamer, fansite e jogador, por meio do voto popular. Trata-se de um concurso anual diferente de tudo o que j\u00e1 se viu. O \u201cMelhores do Ano\u201d entrar\u00e1 para a hist\u00f3ria como um grande marco que atravessa e altera profundamente o modo como at\u00e9 agora v\u00ednhamos pensando, encarando e nos relacionando com a comunidade.<\/strong><\/h4><\/div>\n\t\t\t\t<\/div>\n\t\t\t\t<\/div>\n\t\t\t\t\t\t<\/div>\n\t\t\t<\/div>\n\t\t<\/div>\n\t\t\t\t\t\t<\/div>\n\t\t\t<\/div>\n\t\t<\/section>\n\t\t\t\t<section class=\"elementor-element elementor-element-076b4bb elementor-section-boxed elementor-section-height-default elementor-section-height-default elementor-section elementor-top-section\" data-id=\"076b4bb\" data-element_type=\"section\" data-settings=\"{&quot;background_background&quot;:&quot;classic&quot;,&quot;shape_divider_top&quot;:&quot;mountains&quot;}\">\n\t\t\t\t\t<div class=\"elementor-shape elementor-shape-top\" data-negative=\"false\">\n\t\t\t<svg xmlns=\"http:\/\/www.w3.org\/2000\/svg\" viewBox=\"0 0 1000 100\" preserveAspectRatio=\"none\">\n\t<path class=\"elementor-shape-fill\" opacity=\"0.33\" d=\"M473,67.3c-203.9,88.3-263.1-34-320.3,0C66,119.1,0,59.7,0,59.7V0h1000v59.7 c0,0-62.1,26.1-94.9,29.3c-32.8,3.3-62.8-12.3-75.8-22.1C806,49.6,745.3,8.7,694.9,4.7S492.4,59,473,67.3z\"\/>\n\t<path class=\"elementor-shape-fill\" opacity=\"0.66\" d=\"M734,67.3c-45.5,0-77.2-23.2-129.1-39.1c-28.6-8.7-150.3-10.1-254,39.1 s-91.7-34.4-149.2,0C115.7,118.3,0,39.8,0,39.8V0h1000v36.5c0,0-28.2-18.5-92.1-18.5C810.2,18.1,775.7,67.3,734,67.3z\"\/>\n\t<path class=\"elementor-shape-fill\" d=\"M766.1,28.9c-200-57.5-266,65.5-395.1,19.5C242,1.8,242,5.4,184.8,20.6C128,35.8,132.3,44.9,89.9,52.5C28.6,63.7,0,0,0,0 h1000c0,0-9.9,40.9-83.6,48.1S829.6,47,766.1,28.9z\"\/>\n<\/svg>\t\t<\/div>\n\t\t\t\t\t<div class=\"elementor-container elementor-column-gap-default\">\n\t\t\t\t<div class=\"elementor-row\">\n\t\t\t\t<div class=\"elementor-element elementor-element-24d2d7c elementor-column elementor-col-100 elementor-top-column\" data-id=\"24d2d7c\" data-element_type=\"column\">\n\t\t\t<div class=\"elementor-column-wrap  elementor-element-populated\">\n\t\t\t\t\t<div class=\"elementor-widget-wrap\">\n\t\t\t\t<div class=\"elementor-element elementor-element-f45b5da elementor-widget elementor-widget-spacer\" data-id=\"f45b5da\" data-element_type=\"widget\" data-widget_type=\"spacer.default\">\n\t\t\t\t<div class=\"elementor-widget-container\">\n\t\t\t\t\t<div class=\"elementor-spacer\">\n\t\t\t<div class=\"elementor-spacer-inner\"><\/div>\n\t\t<\/div>\n\t\t\t\t<\/div>\n\t\t\t\t<\/div>\n\t\t\t\t\t\t<\/div>\n\t\t\t<\/div>\n\t\t<\/div>\n\t\t\t\t\t\t<\/div>\n\t\t\t<\/div>\n\t\t<\/section>\n\t\t\t\t\t\t<\/div>\n\t\t\t<\/div>\n\t\t<\/div>\n\t\t","protected":false},"excerpt":{"rendered":"<p>SOBRE O PR\u00caMIO \u201cUm pr\u00eamio feito com amor para os que amam o Tibia\u201d O BomDiaTibia.com foi idealizado h\u00e1 3 anos por Super Amarelo, foi aceito no programa de fansites suportados pela CipSoft em janeiro de 2017 e tornou-se o maior jornal tibiano do Brasil, reconhecido pela comunidade tibiana em todo o mundo. Com grande &hellip; <\/p>\n<p class=\"link-more\"><a href=\"https:\/\/bomdiatibia.com\/mda2020\/o-premio\/\" class=\"more-link\">Continue lendo<span class=\"screen-reader-text\"> &#8220;O Pr\u00eamio&#8221;<\/span><\/a><\/p>\n","protected":false},"author":1,"featured_media":0,"parent":0,"menu_order":0,"comment_status":"closed","ping_status":"closed","template":"elementor_header_footer","meta":{"footnotes":""},"class_list":["post-188","page","type-page","status-publish","hentry"],"_links":{"self":[{"href":"https:\/\/bomdiatibia.com\/mda2020\/wp-json\/wp\/v2\/pages\/188","targetHints":{"allow":["GET"]}}],"collection":[{"href":"https:\/\/bomdiatibia.com\/mda2020\/wp-json\/wp\/v2\/pages"}],"about":[{"href":"https:\/\/bomdiatibia.com\/mda2020\/wp-json\/wp\/v2\/types\/page"}],"author":[{"embeddable":true,"href":"https:\/\/bomdiatibia.com\/mda2020\/wp-json\/wp\/v2\/users\/1"}],"replies":[{"embeddable":true,"href":"https:\/\/bomdiatibia.com\/mda2020\/wp-json\/wp\/v2\/comments?post=188"}],"version-history":[{"count":6,"href":"https:\/\/bomdiatibia.com\/mda2020\/wp-json\/wp\/v2\/pages\/188\/revisions"}],"predecessor-version":[{"id":263,"href":"https:\/\/bomdiatibia.com\/mda2020\/wp-json\/wp\/v2\/pages\/188\/revisions\/263"}],"wp:attachment":[{"href":"https:\/\/bomdiatibia.com\/mda2020\/wp-json\/wp\/v2\/media?parent=188"}],"curies":[{"name":"wp","href":"https:\/\/api.w.org\/{rel}","templated":true}]}}